NOAA-Style Climate Reports
Select a Year or Month report
2024: Jan Feb Mar Apr May Jun Jul Aug Sep Oct Nov Dec
2023: Jan Feb Mar Apr May Jun Jul Aug Sep Oct Nov Dec
2022: Jan Feb Mar Apr May Jun Jul Aug Sep Oct Nov Dec
2024: Jan Feb Mar Apr May Jun Jul Aug Sep Oct Nov Dec
2023: Jan Feb Mar Apr May Jun Jul Aug Sep Oct Nov Dec
2022: Jan Feb Mar Apr May Jun Jul Aug Sep Oct Nov Dec
Izveštaj za 2024 May
Daily noaa report MONTHLY CLIMATOLOGICAL SUMMARY for MAY. 2024 NAME: Meteo Trnovec Bart. CITY: Trnovec Bartolovecki STATE: Hrvatska ELEV: 535 LAT: 046:17:44 LONG: -016:23:52 TEMPERATURE ( °C), RAIN (mm), WIND SPEED (m/s) HEAT COOL AVG MEAN DEG DEG WIND DOM DAY TEMP HIGH TIME LOW TIME DAYS DAYS RAIN SPEED HIGH TIME DIR -------------------------------------------------------------------------------------------------------- 01 15.6 19.9 16:05 10.6 06:02 02.7 00.0 03.0 00.8 04.6 12:27 ENE 02 17.6 24.1 16:20 12.7 23:53 00.7 00.0 12.6 01.6 09.8 13:50 SSW 03 13.0 14.5 14:44 11.8 05:57 05.3 00.0 03.2 01.1 06.7 20:48 NW 04 16.5 21.9 15:00 11.2 06:03 01.8 00.0 01.0 01.0 06.2 11:50 NW 05 17.9 24.2 16:18 10.3 05:53 00.4 00.0 00.0 01.9 08.7 19:13 SW 06 18.7 25.7 15:09 11.9 05:59 00.0 00.4 00.0 03.0 14.4 23:42 SW 07 18.1 23.2 12:41 14.5 06:00 00.2 00.0 00.2 01.6 11.8 00:06 SW 08 14.3 15.2 18:00 13.4 08:36 04.0 00.0 10.0 01.8 08.2 17:45 NNE 09 16.0 20.8 17:11 11.3 05:59 02.3 00.0 00.0 01.8 09.3 11:23 N 10 16.4 23.9 15:11 08.7 06:00 01.9 00.0 00.0 01.4 05.7 14:51 N 11 17.2 23.8 16:16 09.4 05:23 01.1 00.0 00.0 01.1 07.2 12:02 NNW 12 17.7 24.9 15:23 10.2 05:23 00.6 00.0 00.0 01.0 05.7 16:50 NE 13 15.9 22.3 12:20 11.1 05:44 02.4 00.0 08.6 01.2 06.7 12:09 E 14 16.2 21.6 16:16 12.2 00:00 02.1 00.0 05.2 00.7 05.1 15:02 SE 15 15.9 21.7 14:42 08.5 05:36 02.4 00.0 00.0 01.1 05.7 11:24 SE 16 16.8 21.7 16:24 13.3 06:36 01.5 00.0 08.0 02.4 10.3 23:23 E 17 17.9 23.9 16:15 13.0 05:23 00.4 00.0 10.6 02.3 10.8 12:18 SSW 18 17.7 26.1 16:12 09.7 05:29 00.6 00.0 00.0 01.1 07.2 13:10 S 19 20.4 26.4 16:34 12.9 05:57 00.0 02.1 00.0 01.0 05.1 14:20 WSW 20 20.9 26.7 16:06 14.2 05:37 00.0 02.6 00.0 00.7 04.6 16:55 SW -------------------------------------------------------------------------------------------------------- 17.0 (17.1) 26.7 day 20 08.5 day 15 030.6 005.1 062.4 01.4 14.4 day 06 SW Min < 30: 20 Max Rain: 12.6 ON 2-05-24 Days of Rain: 10 (> .2mm) 8 (> 2mm) 0 (> 20mm)